ime factors of r(3).
2, 7
Suppose -194 = -5*a + 41. Suppose a = -3*z + 245. Let o = z - 43. What are the prime factors of o?
23
List the prime factors of 62*-2*2/(-8).
31
Let d(i) = -i**3 + 4*i**2 + 1. Let l be ((-3)/(-9))/(2/18). Suppose 0*x = -l*x + 9. List the prime factors of d(x).
2, 5
List the prime factors of (1 - (-18)/(-4))*(2 + -18).
2, 7
Let s be -7*1 - (-15)/(-5). List the prime factors of (-4)/s + 83/5.
17
Suppose 191 = 5*j - 259. What are the prime factors of j?
2, 3, 5
Suppose -4*d + 0*d = -68. What are the prime factors of d?
17
Suppose 0 = -3*o + 4*y + 172, y - 2*y = -5*o + 315. List the prime factors of o.
2
Let p(o) = -o**2 + 14*o - 2. What are the prime factors of p(7)?
47
Suppose -3 = -5*i + 7. Suppose i*a = 5*a. Suppose a = -2*b - 5*w - 8, -4*b - w + 15 = -5. What are the prime factors of b?
2, 3
Suppose 211 = -5*d - 89. List the prime factors of ((-2)/5)/(4/d).
2, 3
Suppose 4*v = 2*w + 8, -v - 7 = -3*w + w. Suppose -7*r = -7 - 0. Suppose -w = -i + r. List the prime factors of i.
7
Suppose 9 = 4*z - 151. What are the prime factors of z?
2, 5
Let l = -2 + 12. Suppose l - 38 = -m. List the prime factors of m.
2, 7
Let b(v) = -v + 11. Let n be b(8). Let k be -8*(n + -2) - 2. What are the prime factors of (0 + 2)/(k/(-85))?
17
Suppose 4*b = 65 + 115. What are the prime factors of b/6*4/5?
2, 3
Suppose 2*z - 20 = 86. What are the prime factors of z?
53
Suppose 5*k - 5*l - 375 = 0, -2*k + 5*l + 66 = -96. What are the prime factors of k?
71
Let t(d) = 9*d**2 - 2*d + 2. What are the prime factors of t(3)?
7, 11
Suppose 2*q + 5 - 1 = 0. Let w = q - -8. Suppose v + 35 = w*v. List the prime factors of v.
7
Suppose -293 = -11*b + 26. List the prime factors of b.
29
Let w(l) = -17*l - 1. Let v be w(1). Let i = -8 - v. List the prime factors of (-1 - 1)*(-45)/i.
3
Suppose 2056 = 18*a - 10*a. List the prime factors of a.
257
Let u = 21 + 13. List the prime factors of u.
2, 17
Let n be (-6)/(-2)*3/3. Let a be n/6*(0 + 2). Let w(m) = 6*m. What are the prime factors of w(a)?
2, 3
What are the prime factors of (-15)/(-10)*(-76)/(-6)?
19
Let y(a) = -20*a**3 - 2*a**2 - a. Suppose q - 1 = 2*q. List the prime factors of y(q).
19
Let x(w) = -18*w + 4. Let c(m) = 9*m - 2. Let a(d) = -9*c(d) - 4*x(d). List the prime factors of a(-3).
29
Let w(f) = -f**3 - 7*f**2 - 8*f - 7. Let z be w(-6). Suppose 10 = -2*x, z*v + 3*x - 7*x = 40. List the prime factors of v*2 + (-3 - -4).
3
List the prime factors of (-3)/(-6) + 810/4.
7, 29
Let f = 168 + -64. List the prime factors of f.
2, 13
Let g be 4/(-10) + (-4)/(-10). Suppose 2*k = -4*x + 22, 3*k - 3 = -0. Suppose -3*l + 2*o + 29 = 0, g*o - 13 = -2*l - x*o. What are the prime factors of l?
3
Suppose 4*g - 2*g - 8 = 0. Suppose 0 = -t - 4, g*w + 5*t - 2 - 30 = 0. What are the prime factors of w?
13
Suppose 176 = v + k + 14, -5*k - 675 = -4*v. What are the prime factors of v?
3, 5, 11
Let u(k) = -6*k. What are the prime factors of u(-7)?
2, 3, 7
Let u be -1 + 26 + 0/1. Let s = 37 - u. What are the prime factors of s?
2, 3
Suppose -5*n + 80 = -5*f, -3 = -0*f - 3*f. Suppose 0 = 3*u + 5 - n. What are the prime factors of u?
2
Suppose -77 = -5*b - 2*r, b + 4*r = r + 18. Suppose -p - 5*y + b = 0, 5*y - 8 = 3*p - 53. List the prime factors of p.
3, 5
Suppose -3*j - 3*v + 177 = 2*j, 148 = 4*j - 4*v. List the prime factors of j.
2, 3
Let k = 3 + -1. Let u(b) = -7*b**2 + 7 - 2*b**3 + k*b**2 + 3*b**3. List the prime factors of u(5).
7
Let b = -43 - -77. Let f be (0 - (-6)/(-3)) + b. List the prime factors of (-8)/f - (-21)/4.
5
Let h(g) = g**3 - g**2 - 2. Let l be h(0). What are the prime factors of 19*1*(-2)/l?
19
Let p = -2 - -1. Let q(h) = -4*h**3 - h**2 - h - 1. Let m be q(p). Suppose -28 = -m*v - v. What are the prime factors of v?
7
Let g = 8 - 1. What are the prime factors of g?
7
Let m be 8 + 1*-2 + -2. Suppose 2*a - 30 = 2*i, a + 5*i + m = -5. What are the prime factors of a?
11
Suppose -5*l = 3*y - 15 - 4, 13 = 5*l + y. Suppose l*z - 7 = 5. List the prime factors of z.
2, 3
Let i be -5 + 8 + 14*-1. Let h = 15 + i. List the prime factors of h.
2
Let k = 103 - 72. List the prime factors of k.
31
Let o = 32 + 3. What are the prime factors of o?
5, 7
Suppose 0 = -0*q + q - 20. List the prime factors of q.
2, 5
Suppose -2*t - 4*m + 0 + 8 = 0, 3*t + 2*m = 20. Suppose -3*u + 4*u = t. Suppose -48 = 4*d - u*d. List the prime factors of d.
2, 3
Let o be 1*-4*15/(-12). Suppose 3*d = 9, -6 + 3 = -2*v + o*d. Let r = v + -1. List the prime factors of r.
2
Suppose 2*a - 10 = 7*a. Let r be 3 + (a - 3) + 3. Let z = r - -5. List the prime factors of z.
2, 3
Let i = 3 + -2. Let t be (7 - 1)/(i/(-1)). List the prime factors of (3 + t)*4/(-6).
2
Let g(u) = 18*u - 6*u + 14 - 11*u. List the prime factors of g(0).
2, 7
Let n be (8 - 6)*(-10)/(-4). Let o = n - -1. List the prime factors of o.
2, 3
Let u = 92 + -69. List the prime factors of u.
23
Let q(p) = -p**2 - 12*p + 33. What are the prime factors of q(-11)?
2, 11
Let n(p) = -p**2 - 19*p - 29. List the prime factors of n(-12).
5, 11
Let y(x) = -2*x**2 - 6*x + 11. Let h(z) = -3*z**2 - 13*z + 22. Let s(t) = -3*h(t) + 5*y(t). Let p be s(8). List the prime factors of (-6)/9 - 14/p.
2
Let m(c) = -c**3 + 12*c**2 + c + 4. List the prime factors of m(12).
2
Let k be 13 - 0/(-4) - -3. Suppose 0 = -f + 15 + k. What are the prime factors of f?
31
Let l = 35 - 30. List the prime factors of l.
5
What are the prime factors of 3795/22 + -3*(-2)/4?
2, 3, 29
Let j be (-4)/(-18) + (-106)/(-9). List the prime factors of 3*(j/9 + 3).
13
Suppose 0 = 5*y - z + 132 + 49, -3*y + 2*z = 103. Let d = -1 - y. What are the prime factors of d?
2, 3
Suppose -3*y + 4 = -44. What are the prime factors of y?
2
Let k = 13 + -10. What are the prime factors of 7*k - (-3)/(-3)?
2, 5
Let u = -27 - -52. Suppose 5*j = -3*p + u + 22, -2*p = -3*j - 63. List the prime factors of p.
2, 3
Let b(t) = 13*t**2 + 2*t - 1. Let o be b(1). List the prime factors of (21/o)/(3/28).
2, 7
Suppose 4*t = 3*v - 88, v = -2*v - 2*t + 118. What are the prime factors of v?
2, 3
Suppose -299 = -4*t - 5*f - 27, 0 = 3*f. Suppose -5*k + 25 = o, -3*o - 5*k + t = 3. List the prime factors of o.
2, 5
Let q = 0 - -36. List the prime factors of q.
2, 3
Let i be (2/(-2))/((-3)/18). What are the prime factors of (135/3)/(9/i)?
2, 3, 5
Suppose 2*v = -4*r + 3*r + 4, v = 4*r - 16. What are the prime factors of (v + -12)*(-56)/32?
3, 7
Let w be 1 - (6 + -4 + -4). Suppose -127 = -w*b + 5*s, -b + 3*s + 39 = 2*s. List the prime factors of b.
2, 17
Suppose 4*q = -8 - 0. List the prime factors of 29 - 7/((-7)/q).
3
Suppose 2*i + 0 - 6 = 0. Suppose -i*v = -2*v + 1. What are the prime factors of 11 + v - (-3)/3?
11
Let r = 4 + -2. Let u(s) = 2*s**2 + 2*s - 1. Let y be u(1). Suppose -32 = -y*j + l, 0 = r*j + 3*l - 0*l - 36. List the prime factors of j.
2, 3
Let r = -13 - -32. What are the prime factors of r?
19
List the prime factors of 83*(6 + -2)/4.
83
Let z(b) = b + 2. Let w be z(-8). Let i = 7 - w. Let p = -7 + i. List the prime factors of p.
2, 3
Let i = 22 - -14. List the prime factors of i.
2, 3
Let p(f) = -2 + 1 + 0 + 21*f**2. Let w be p(1). Suppose -w = -u - u. List the prime factors of u.
2, 5
Suppose 3*g - 5 - 4 = 5*a, -g + a = -1. What are the prime factors of (-1)/g - (-744)/16?
47
Let z(n) = n + 1. Let u(a) = a - 2. Let v(o) = u(o) - 2*z(o). What are the prime factors of v(-6)?
2
Let f(a) be the second derivative of 5*a**4/12 + a**3/3 - a**2 - 3*a. What are the prime factors of f(-2)?
2, 7
Let x be ((-5)/10)/((-2)/16). Suppose t - x*h - 13 = 0, 0 = -h + 1 + 1. Suppose -c - 2*c = -t. What are the prime factors of c?
7
Let u be (0 - (-36)/15)*5. Suppose -18 = -2*d + u. What are the prime factors of d?
3, 5
Let l(j) = -j**3. Let t(n) be the third derivative of -n**6/30 + n**5/20 - n**4/24 - n**3/2 + 3*n**2. Let f(d) = 3*l(d) - t(d). List the prime factors of f(3).
2, 3
Suppose 4*c = -u + c + 11, u - c = -5. Let q(a) = 13*a**2 + a + 1. What are the prime factors of q(u)?
13
Let r(q) = -13*q**2 - 4*q + 21. Let f(i) = 3*i**2 + i - 5. Let j(x) = 9*f(x) + 2*r(x). List the prime factors of j(3).
3
Let a = 40 - 29. What are the prime factors of a?
11
Let s(y) = 2*y**2 + 2*y + 2. Suppose -5*c + 13 = w, -5*w - 14 - 5 = -3*c. List the prime factors of s(w).
2, 